 (-8)/3*7/(42/(-90)). Suppose 0*c - 4*v - 20 = c, 5*c + n = -5*v. Is 2287/(c*(-4)/16) a composite number?
False
Suppose 0 = 32*s - 14302149 - 2991653 - 1581046. Is s prime?
False
Suppose r - 17*p = -16*p + 110680, 0 = 3*r + 4*p - 332047. Is r composite?
False
Let m(k) = -k**3 + 37*k**2 + 4*k + 349. Is m(31) prime?
False
Let i be 2008/3 + -2*4/24. Suppose -i = -g + 742. Is g a prime number?
False
Let v be 2 + (7 + -5 - (3 + 0)). Suppose -2*m + 10 = -w, -w = 2*m - v - 1. Suppose -m*j + d = 3*d - 205, 0 = -5*j - 2*d + 339. Is j a prime number?
True
Let q(o) = -2*o**3 - o**2 + 8*o - 1. Let g be ((-5)/(-5) - 8) + 3. Let a be q(g). Suppose 0 = x + 2*c - a, 3*c - 116 = -2*x + 38. Is x a composite number?
False
Is 81185469/207 + (-4)/(-6) a composite number?
False
Let w(c) = c**3 + 8*c**2 - 9*c + 34. Let v be w(12). Suppose 10949 - v = 17*x. Is x a prime number?
True
Let p be 48/64 - 3/((-36)/219). Let r(l) = l**3 - 6*l**2 + 24*l + 22. Is r(p) prime?
True
Let g(s) = 14746*s**2 + 29*s + 216. Is g(-7) a prime number?
False
Suppose 99*j - 96*j = 2*h - 500491, -3*j = 3*h - 750774. Is h prime?
True
Let a(x) be the second derivative of -x**3 - 25*x**2/2 + 4*x. Let k be 2/((-20)/225 + (-1)/9). Is a(k) prime?
False
Is (3 - 4) + 0 + -3 + 188847 prime?
True
Let c = 358456 - 254529. Is c a prime number?
False
Suppose -2*p + 20 = 100. Let v = 253 - p. Is v a composite number?
False
Suppose 0 = 48*u + 186*u - 45840575 - 53499679. Is u prime?
False
Suppose 0 = -o - 2*x - 1398, 3*o + 4191 = -3*x - 2*x. Let w = 2260 + o. Is -2 + (39/6)/(2/w) composite?
False
Let d = 1482 - 877. Let n be 1231 - -1*(0 + 0). Let s = n - d. Is s a composite number?
True
Let l(g) = g**3 + 12*g**2 - 18*g - 8. Let q be l(-13). Let k = q + -61. Is 1193 + 7/(-14)*(k - 0) composite?
True
Suppose 0 = g + 5*n + 55, -84 = 2*g - 10*n + 7*n. Let l(v) = -57*v + 158. Is l(g) composite?
True
Let u(n) = 7*n**3 + 14*n**2 + 23*n - 45. Let x(r) = -6*r**3 - 14*r**2 - 21*r + 45. Let m(p) = -5*u(p) - 6*x(p). Is m(-8) composite?
False
Let l(v) = -111*v**3 - 9*v**2 + 37*v + 20. Is l(-9) a prime number?
False
Let k(r) = r**2 + 16*r + 25. Let c be k(-15). Suppose -5*m + 3*m = c. Let o(f) = -15*f + 22. Is o(m) a prime number?
True
Suppose -10*c - 784 + 7454 = 0. Let k be (-4 + c)*((-5)/3 - -2). Let h = 922 - k. Is h a composite number?
False
Let i(g) = -g**2 - 14*g - 10. Let t be i(-10). Suppose -8*k + 42 + t = 0. Suppose -9507 = -k*l + 11490. Is l a prime number?
True
Let m(s) = -2554*s + 55. Let r(o) = -1276*o + 26. Let h(t) = -3*m(t) + 5*r(t). Is h(8) a composite number?
True
Is 3 + (15 + 45388/20)/((-2)/(-130)) a composite number?
True
Is (76 - 71)/(10/156014) a prime number?
True
Suppose 506660 = 8*p - 162852. Suppose p = 12*y + 34309. Is y a prime number?
False
Is ((-287)/14 - -4)*(0 + 42358/(-3)) a composite number?
True
Let q = -7563 + 3832. Let w = 3578 - q. Is w a prime number?
True
Let z(q) = q**3 - 10*q**2 - q + 13. Let t(l) = -l**3 - 2*l**2 + 7*l + 10. Let u be t(-4). Let d be 2/4 - (-147)/u. Is z(d) prime?
False
Let h = 38785 - -226252. Is h composite?
False
Let h(p) = -p - 1. Let l(j) = -3*j**2 - 4*j + 1165. Let b(c) = -4*h(c) + l(c). Let w be b(0). Suppose 7*x = 13202 + w. Is x composite?
False
Let h = -221 + 203. Is 34/18 + -2 - 586856/h composite?
False
Let r = 257176 - 112110. Is r composite?
True
Let m = -738 + 20579. Is m composite?
False
Suppose -z - 4*b = 19794, 0*z = 3*z - 3*b + 59322. Let c = 35 - z. Is c a composite number?
False
Let r(t) = 1368*t + 1909. Is r(66) a composite number?
True
Suppose 0 = -3*z - 3, -3*w = -2*z - 10747 - 25309. Is -2*3 + (w - 5) composite?
False
Let v(i) = -46*i**3 - 5*i**2 - 6*i - 24. Is v(-7) a composite number?
False
Let y be (-8)/12 + 4/6. Let c(v) = v**2 - v + 423. Let w be c(0). Suppose -7*j + 130 + w = y. Is j a composite number?
False
Suppose 0 = 2*p + 888 + 424. Let o = p + 1665. Is o a prime number?
True
Let h(t) = 2*t**2 + 8*t - 14. Let r be h(-5). Let k = r + -12. Let m(l) = -l**3 - 11*l**2 + 2*l + 14. Is m(k) composite?
True
Let x(v) = 86*v**3 - 25*v**2 + 29*v - 23. Is x(6) prime?
True
Let g(t) = -t**3 + t**2 + t + 72859. Is g(0) prime?
True
Suppose -4*b = -25*b - 4515. Let c = -84 - b. Is c prime?
True
Is 4 + -13 + 72199 + 3 prime?
False
Let s = 1157915 + -317980. Is s composite?
True
Let i(u) = 0*u - u + 525 - 524. Let b(a) = -3*a**3 - 2*a**2 + 13*a - 12. Let z(n) = -b(n) + 5*i(n). Is z(12) a composite number?
False
Is (314107/2)/((-187)/(-34) + -5) a prime number?
True
Let y(z) = 6*z + 47. Let x be y(-7). Suppose 2*k = 2*l + 5*k - 316, 2*l = -x*k + 312. Let p = -115 + l. Is p composite?
True
Let w = 9307 - 5318. Is w + 28/((-35)/5) prime?
False
Let v = -13748 + 38367. Is v a composite number?
True
Let c = -322 - -990. Let n(x) = -x**2 + 36*x - 271. Let f be n(11). Suppose 0 = -w - 2*h - 54 + 222, 4*h = -f*w + c. Is w a prime number?
False
Let g = -62945 - -92068. Is g a composite number?
False
Let r be 5/((-175)/(-10)) + (-36)/(-21). Suppose 3*i - 2 = -2*t, -t + 16 = 2*t - r*i. Suppose 5*u = -o + 2*u + 6355, o - 6357 = -t*u. Is o prime?
False
Let a(z) = -65*z**2 + 8*z - 2. Let k be a(3). Let u = k + 168. Let i = u - -982. Is i prime?
True
Suppose 4*c - 36 = -20, 56693 = 3*q - c. Is q composite?
False
Let l(v) = -v**3 - 10*v**2 - v + 5. Let u be l(-3). Is -382*u/(-20)*(5 - 7) a composite number?
True
Let v = -50251 - -124382. Is v composite?
False
Let k(o) = 20816 + 6*o + 1997 + 4*o. Is k(0) prime?
False
Let c(g) be the second derivative of 5*g**4/3 + 8*g**3/3 + g**2 + 10*g. Let h be c(-16). Suppose -5*o = -679 - h. Is o composite?
False
Let o = -162993 + 254552. Is o prime?
False
Let i = 126 + -122. Let o(l) = 20*l**2 - 7*l + 15. Is o(i) a composite number?
False
Suppose s = -3*f + 193094, -253*f + 250*f = -4*s + 772271. Is s composite?
False
Suppose -79*s - 407223 = -160*s + 72*s. Is s prime?
True
Let l be 72505/34*(-104)/(-10). Let h = -14571 + l. Is h a composite number?
False
Suppose -3*x = -h - 2 + 4, 0 = -4*h + x - 3. Is (-209981 + 8)/3*h a prime number?
True
Suppose -215860722 = -49*h - 20595085. Is h a prime number?
True
Suppose 0 = 3*y - 4*a - 146834 - 307693, 0 = -4*y - 3*a + 606061. Is y prime?
False
Suppose -3*b + 7*b - 4 = 4*c, -4*c + 36 = 4*b. Suppose c*r - 5*k - 36371 = 0, 56421 - 20044 = 4*r + k. Is r prime?
False
Suppose 3*l - 14 + 2 = 0, -10888 = 4*f + 3*l. Let v be (-2)/(-13) - (-82756)/13. Let z = v + f. Is z prime?
False
Let l(b) = b**3 - 22*b**2 - 6*b + 3. Let c be l(12). Let d = -716 - c. Is d a prime number?
False
Let k(f) = -3*f**3 - 2*f**2 - 5*f - 3. Let o be k(-1). Let x be 2498/3 + 2/(-3). Suppose x - 169 = o*l. Is l a prime number?
False
Suppose 220*g = 224*g - 67084. Is g a composite number?
True
Let f = -291232 + 500219. Is f prime?
False
Let z(u) = 10986*u + 27. Let s be z(1). Suppose -28722 = -3*f - s. Is f a prime number?
True
Suppose -5*n = -0*n - 29595. Suppose 26 = 223*s - 219*s - 2*g, 17 = 3*s - 2*g. Suppose -s*b + 6*b = -n. Is b a prime number?
True
Let b = -27876 - -49745. Is b prime?
False
Suppose 2*s = -2*z - 10, 3*z - 4*s - 16 = 6*z. Is (2 - (-6027)/(-28))/(1/z) composite?
False
Suppose -4*r = j - 98, 3*j + 0*j = -5*r + 126. Is -2*(-4)/r*5079 prime?
True
Let f(y) be the second derivative of -3*y**3/2 - 33*y**2/2 - 18*y. Let o be f(-10). Is o - (-1 + -2 - -5) prime?
False
Let q = 440 - 438. Suppose -5*h - 11998 = -q*a, 17975 = 3*a - 3*h + h. Is a a prime number?
False
Suppose 5*q = 16*q + 256003. Let m = -9057 - q. Suppose 4*x + 4*x - m = 0. Is x composite?
False
Let j(n) = 2427*n - 2624. Is j(31) a composite number?
False
Suppose 3*o = -4*t + 82111, 457*t - 109416 = -4*o + 461*t. Is o a prime number?
True
Suppose 27*i = 30*i. Suppose i = 10*a - 7*a - 17661. Suppose -l + a = 6*l. Is l a composite number?
True
Let l = 42 + -21. Suppose l*a - 5 = 20*a. Let d(r) = 2*r**3 + 3*r**2 + 2*r + 2. Is d(a) a composite number?
False
Suppose 396 - 24 = -4*j. Let h = j + 87. Is (92/h)/((-10)/105) prime?
False
Suppose 0 = 91*j - 68*j - 2916998. Suppose -4*o + 18*o - j = 0. Is o a prime number?
True
Let z(i) = -537*i**3 + 18*i**2 + 9*i + 13. Let h be z(-6). Suppose 11*q - h = -36486. Is q prime?
True
Let u(j) = -7*j**3 + 4*j**2 - 16*j + 1. Let v be u(6). Let r = 24268 + v. Is r a composite number?
True
Let u = 416